e tens digit of 10*(-10*(-6)/120 - (-1166)/4)?
2
Let n be (1*(-40)/35)/(3/(-21)). Suppose n*h - 9702 = -6*h. What is the tens digit of h?
9
Let u be -1 - 125 - (-22 + 28). Let r = 5 - u. What is the hundreds digit of r?
1
Let v(h) = -15*h**3 + 3*h**2 + 3*h. Let p be v(-2). Suppose -p = -2*b + 18. What is the units digit of -4 - (b/(-3) + -4)?
4
Let z(y) = -2*y + 6. Let r be z(2). Suppose -739 - 1455 = -r*x. What is the tens digit of x?
9
Suppose -381*i + 380*i + 4*y + 3607 = 0, -i + 5*y + 3603 = 0. What is the hundreds digit of i?
6
Suppose -7*u - 3*u = -283313 + 44043. What is the ten thousands digit of u?
2
Suppose 0 = -9*p + 15*p - 18. Suppose 3*w + z = 2*z + 5, -p*z - 7 = -5*w. Suppose -3*n - w*n = 3*q - 324, -q + n = -116. What is the hundreds digit of q?
1
Suppose -12*w + 6 = -9*w. Let c be w + (60 - (0 - 0)) + 3. Let p = -50 + c. What is the units digit of p?
5
Let p(m) = -30 - m + 9*m - 5*m + 8*m - m**2. Let r be p(4). What is the hundreds digit of (-1524)/(-9) + 3 + r/6?
1
Let x(y) = 2*y**2 + 5*y - 13. Let o(q) = q**3 + 14*q**2 - 17*q - 32. Let v be o(-15). Let i be 7/(-1)*(-2)/v. What is the tens digit of x(i)?
5
Suppose r - 3*u - 40 = 93, -r = 5*u - 117. Suppose r = -7*h - 62. Let n = h + 233. What is the hundreds digit of n?
2
Suppose 5*u - 635 = 5*r, 2*u = 14*r - 16*r + 246. Suppose -4*t + u = -0*v + 5*v, 0 = -3*t + 15. What is the tens digit of v?
2
Let g(u) = 87*u + 4 - 10*u + 46*u + 1. Let v be -1*(-1*3 - -2). What is the tens digit of g(v)?
2
Suppose -5*k + 476 = -174. Let x = -6562 - -6657. Let v = x + k. What is the units digit of v?
5
Let h = 14158 - 6727. What is the units digit of h?
1
Suppose 2*b - 12409 = -r + 5011, 0 = -3*b + 3*r + 26112. What is the tens digit of b?
0
Let y(l) = l**2 + 2*l - 8. Let q be y(2). Suppose q = -8*u + 1788 + 788. What is the tens digit of u?
2
Let t(r) = 6*r - 6. Let w = -41 - -39. Let a be t(w). What is the units digit of 1/6 - 483/a?
7
Let j(k) = 62898*k + 186. What is the ten thousands digit of j(1)?
6
Suppose 22*f - 766721 = 50293. What is the thousands digit of f?
7
Let r(d) = 10*d**2 + 10*d + 6. Let f(i) = i**2 + i. Let m(c) = -40*f(c) + 5*r(c). What is the tens digit of m(-6)?
3
Suppose 4*z - 3*d = 2 - 23, z - 2*d + 9 = 0. Let b(l) = 56*l + 74. Let g(x) = -28*x - 33. Let k(j) = 6*b(j) + 13*g(j). What is the units digit of k(z)?
9
Suppose -5*g + 171 - 21 = 0. Suppose -i = -0 + 8. Let l = g - i. What is the units digit of l?
8
Let i = 100 + -80. Suppose -14*j - i*j = -18598. What is the units digit of j?
7
Let l(u) = -7*u**2 - 65*u - 16. Let m be l(-9). Suppose -2*j - 253 = -t, -m*t + 470 = 5*j - 0*j. What is the units digit of t?
5
Suppose -5 = -5*j, -6*i + j + 111 = -296. Suppose -69*s + i*s = -522. What is the units digit of s?
2
Let d(h) = -14305*h - 1338. What is the thousands digit of d(-5)?
0
Suppose -b + 5*c = 21, -2*c - 6 = -4*b - 0*c. What is the tens digit of b/(4268/(-2138) - -2)?
6
Suppose 4*h - 1602 = -2*a, -603 = -2*h + 5*a + 228. Let r = h - 213. What is the tens digit of r?
9
Let s(g) = 82*g**2 + 28*g + 968. What is the units digit of s(-17)?
0
Let g(a) = a**3 + 8*a**2 - 24*a + 18. Let q be g(-8). Let i = q + 127. What is the tens digit of i?
3
Suppose -5*s = -l - 130829, -3*s = 4*l - 10998 - 67527. What is the tens digit of s?
6
Let s(j) = 43*j**3 + 2*j**2 - 1. Let k(y) be the third derivative of y**5/60 + y**4/8 - y**3/2 + 4*y**2. Let d be k(-4). What is the units digit of s(d)?
4
Let d(t) = t**3 + t**2 - 1. Let z(q) = -8*q**3 - q**2 + 4*q. Let n(v) = 3*d(v) + z(v). What is the hundreds digit of n(-4)?
3
Suppose 2*i - 5*i + 5*v = -40390, 5*i = 5*v + 67320. What is the hundreds digit of i?
4
Let p = -538 - -151. Let i = p + 564. What is the tens digit of i?
7
Let c be (-1 + 2)*(1 + 2). Let g be 30/4 + (2/4 - 1). Suppose 4*s + c*x = 76, -3*s + 4*x - 80 = -g*s. What is the tens digit of s?
1
Let s be 0/(0 - 4) + 91*2. Suppose -3*o + 246 = o - 5*n, 5*n + s = 3*o. What is the units digit of o?
4
Let j(a) = 2*a**3 + 41*a**2 - 25*a - 9. Let u be j(-18). Suppose -8*b + u = b. What is the units digit of b?
9
Suppose -4*i - 3*p + 22693 - 1353 = 0, -16010 = -3*i - p. What is the tens digit of i?
3
Suppose 5*q - 2472 = 16*q - 262182. What is the hundreds digit of q?
6
Suppose -9*l + 89 + 46 = 0. Suppose -l*y + 13*y = -202. What is the tens digit of y?
0
Suppose -5*z - 2*z + 3675 = 0. Let f = 1205 - z. What is the hundreds digit of f?
6
Let a(w) = 1680*w**2 + 12*w - 13. Let y = 17 + -16. What is the thousands digit of a(y)?
1
What is the tens digit of 20/(-90)*(-6)/4 + 104482/6?
1
Let x(j) be the second derivative of -23*j + 1/20*j**5 + 0 - 1/2*j**4 - 11/6*j**3 - 17/2*j**2. What is the tens digit of x(9)?
2
What is the hundreds digit of -91836*(-17)/(408/16)?
2
Let x(w) = -10 + 5*w**2 + 26 - 12*w + 25*w**2 + 21*w. What is the units digit of x(-3)?
9
Let p(i) = 8*i - 43. Let b be p(5). Let d(o) = -37*o**3 + 3*o**2 + 11*o + 28. What is the units digit of d(b)?
1
Suppose 0 = -56*i + 552934 + 564567 - 259805. What is the tens digit of i?
1
Let s be (-4)/(-22) - 127185/(-165). Let y = -532 + s. Suppose 4*k = y + 365. What is the units digit of k?
1
What is the hundreds digit of 3*(-1 - 20/(-16))*(-459996)/(-9)?
3
Suppose -5*b = 35*m - 32*m - 25566, -4*b + 2*m + 20422 = 0. What is the hundreds digit of b?
1
Suppose -34*u + 46*u = 67*u - 990385. What is the tens digit of u?
0
Let u(b) = 2*b**3 + 8*b**2 - b - 22. Let g be u(-5). Let j = -67 - g. Suppose 7*v - 517 - 533 = j. What is the tens digit of v?
5
Suppose 24 = -3*l + o, 3*o - 16 = 2*l + 5*o. Let q(m) be the third derivative of m**5/30 + m**4/12 - 3*m**3/2 - 198*m**2. What is the hundreds digit of q(l)?
1
Let i = 569 - -1672. Suppose -112*u = -103*u - i. What is the units digit of u?
9
Suppose 25 = -5*n, -4275 = -2*j + 2*n + 3*n. Let l = j - 1047. What is the thousands digit of l?
1
Let z be -1*((-2)/7 + 12/(-7)). Suppose k - z*r + 2 = 0, 0 = -4*k + 5*r - 0 + 1. Suppose -k*n = -v + 13, 0*n + 56 = 2*v + 2*n. What is the units digit of v?
5
Let m(k) = -38*k + 29. Let x(n) = -38*n + 29. Let o(c) = -4*m(c) + 5*x(c). What is the units digit of o(-6)?
7
Let s = -78 + 82. Suppose -3*r = z - 5, 4*z - 1 = -s*r + 3. What is the units digit of (-2)/1*(-1)/(r/70)?
0
Let y(w) = -6*w - 8 + 0*w - w + 0*w + 15*w**2. Let d be y(-4). Suppose 0*k + d = 4*k. What is the units digit of k?
5
What is the tens digit of (17231/(-4) - 28/14)*(-39 + 35)?
3
Let r be 11 + -5 + 1 + 8/(-2). Suppose -r*w = -1854 - 2766. What is the tens digit of w?
4
Suppose 25*s - 30788 = 44137. What is the thousands digit of s?
2
Let q be 9/((-175496)/35104 + 5). Suppose 13*b - 5595 = q. What is the units digit of b?
3
Let g = 18577 + -12137. What is the thousands digit of g?
6
Let n = 134 - 0. Let w = -190 + 210. Let l = n + w. What is the tens digit of l?
5
Suppose -r + 6 = -2*h, r + 3*h + 34 = 5*r. Let w(m) = 3*m**2 + 3*m + 7. What is the units digit of w(r)?
7
Let l = -218 - -231. Let y be -5*(-3 - 0)/3. Suppose -l - 187 = -y*v. What is the tens digit of v?
4
What is the tens digit of ((-14)/(-63)*-6)/((-7)/30744)?
5
Suppose -2058744 = 406*a - 11252591 - 2694645. What is the ten thousands digit of a?
2
Suppose 22404 + 41580 = 16*q. What is the hundreds digit of q?
9
Suppose -494*m - 31028 = -497*m - 5*c, 4*m = 5*c + 41324. What is the units digit of m?
6
Suppose -2*a - 4*k + 1430 = 0, -3*a = 2*k - 2238 + 97. Let d = -322 + a. What is the tens digit of d?
9
Let z(d) = d**3 + 15*d**2 + 10*d - 59. Let c be z(-14). What is the tens digit of ((-80)/(-36) - 2)*c*-321?
1
Let t(f) = 2*f - 37. Let x(m) = 1 - 47*m - 36*m + 84*m. Let j(z) = t(z) + 4*x(z). What is the units digit of j(8)?
5
Suppose 2*p = 5*t + 21644, -362*p - 2*t = -365*p + 32455. What is the hundreds digit of p?
8
Suppose -11*z + 49824 = -7*z + 6*b, 6 = -b. What is the tens digit of z?
6
Suppose 0 = 3*c + 76 + 521. Let j = c + 444. What is the hundreds digit of j?
2
Let a(k) = -198*k + 2659. What is the thousands digit of a(-48)?
2
What is the hundreds digit of 11 - (-3213)/(-297) - (-189504)/22?
6
Let h(t) = 722*t**3 - 2*t**2 + 480*t - 958. What is the units digit of h(2)?
0
Suppose 5*r = -0*x + 3*x - 263, 0 = -5*r + 5*x - 255. What is the units digit of (-66)/(-3 + r/45 + 4)?
7
Let k = 16777 - 7379. What is the 